se 14) to base 13
112c4
Convert -32101d (base 16) to base 4.
-30201000131
Convert 42314010 (base 5) to base 11.
222180
What is -100102102212 (base 3) in base 7?
-1401530
-526356 (base 7) to base 13
-325c5
22110010110122 (base 3) to base 16
44840c
-20604602 (base 7) to base 13
-493484
Convert 240563 (base 7) to base 14.
11bda
Convert -10020111202 (base 3) to base 13.
-23063
1400986 (base 11) to base 16
24e134
What is -1100011000001001001 (base 2) in base 14?
-a7b3b
What is 1325112 (base 6) in base 13?
27713
Convert 3dbaf1 (base 16) to base 12.
1431215
100110010111001011111 (base 2) to base 11
789498
What is -367c2 (base 13) in base 9?
-162410
-1b020 (base 13) to base 2
-1100111000010010
What is 13bb97 (base 13) in base 9?
815646
What is 2255225 (base 6) in base 3?
12220211022
100111101000010011 (base 2) to base 6
3251255
87a99c (base 14) to base 3
22122202011201
What is -122312001 (base 4) in base 3?
-12120211100
Convert 1101001011010000010101 (base 2) to base 15.
4835ed
What is -18b39 (base 15) in base 10?
-80154
-8f222 (base 16) to base 15
-b8a9e
Convert 2004450 (base 6) to base 4.
113002032
Convert 112421552 (base 7) to base 5.
3231140142
What is 22201021201122 (base 3) in base 16?
46aa62
What is 122551141 (base 6) in base 16?
244ac5
Convert -2770d (base 15) to base 13.
-4573c
What is -d2144e (base 16) in base 2?
-110100100001010001001110
Convert -935c6 (base 14) to base 15.
-70355
Convert -1c507 (base 13) to base 16.
-d9e1
What is -10145273 (base 8) in base 7?
-24160312
-10101022221212 (base 3) to base 4
-12312320303
What is -21111122121 (base 3) in base 4?
-210010111
Convert 132d5d (base 14) to base 2.
10100001011011000111
What is -20746842 (base 9) in base 11?
-5718112
What is -22202233 (base 4) in base 5?
-2340213
-13231303302 (base 4) to base 12
-816616
What is -2b527 (base 16) in base 13?
-629ca
Convert 607462 (base 9) to base 4.
1113311201
Convert 514796 (base 10) to base 2.
1111101101011101100
What is -1011100001001101101000 (base 2) in base 16?
-2e1368
Convert 1001001100101101 (base 2) to base 13.
141c3
Convert -1b2a2 (base 15) to base 5.
-10311402
Convert 1422613 (base 7) to base 8.
564315
Convert -3a509 (base 13) to base 2.
-11010011111011011
Convert -110100000101000110110 (base 2) to base 11.
-a6617a
What is 1111110110011001101000 (base 2) in base 7?
50213441
Convert 1408288 (base 9) to base 7.
6401501
Convert 4100403034 (base 5) to base 13.
1918866
Convert -222120221 (base 4) to base 16.
-2a629
What is -795bd (base 14) in base 10?
-294755
-2363774 (base 8) to base 16
-9e7fc
Convert -10312013021 (base 4) to base 5.
-311121332
b985a (base 12) to base 9
412807
3303311112 (base 4) to base 7
11326533
f97c (base 16) to base 7
354130
-200020221211 (base 3) to base 16
-57bc5
What is -1687a5 (base 13) in base 3?
-1001112022021
-62233651 (base 7) to base 6
-303504444
Convert 202112001202 (base 3) to base 9.
675052
What is 1312491 (base 10) in base 9?
2420353
What is 2000222101 (base 3) in base 14?
1086a
Convert -44353 (base 11) to base 9.
-107184
What is 1102113210 (base 4) in base 7?
2603421
47782 (base 16) to base 15
5bb0d
-11001102013 (base 4) to base 9
-2425154
Convert -11503744 (base 10) to base 15.
-10237b4
Convert 20112210202 (base 3) to base 9.
215722
6ab171 (base 14) to base 2
1101111001000011101111
What is -50526 (base 10) in base 9?
-76270
688211 (base 10) to base 5
134010321
Convert 4103123 (base 5) to base 15.
14878
-28312 (base 12) to base 13
-1c4ab
What is 11101110100101111 (base 2) in base 6?
2341315
Convert -11f16 (base 16) to base 7.
-424161
671da (base 14) to base 3
110201001200
3605035 (base 7) to base 15
8ee8a
Convert 37691 (base 15) to base 10.
176986
Convert -49750 (base 11) to base 3.
-10122000010
222121212102 (base 3) to base 15
a541e
553623 (base 8) to base 4
231132103
What is -1424131 (base 5) in base 13?
-10803
5023c (base 13) to base 11
98647
What is 2488b (base 14) in base 16?
15d9b
Convert -1423552 (base 7) to base 13.
-68c17
What is -1122011100102 (base 3) in base 7?
-10250114
-185a17 (base 13) to base 5
-124044401
What is -1324335213 (base 6) in base 10?
-15891417
What is -202122122120 (base 3) in base 13?
-113064
What is 24d4a (base 15) in base 9?
188457
What is -5a6927 (base 12) in base 15?
-1dd82a
12240040 (base 5) to base 3
20000001202
What is 3141114 (base 5) in base 12?
26583
Convert 4881500 (base 9) to base 5.
1134324103
What is 417661 (base 9) in base 10?
248401
2ab14 (base 14) to base 7
622224
Convert 449d (base 16) to base 14.
6589
Convert -266674 (base 8) to base 9.
-152381
Convert -1700700 (base 13) to base 16.
-7153e3
Convert -144411233 (base 5) to base 11.
-492260
-3b86d (base 14) to base 11
-a0575
125117 (base 8) to base 7
241053
Convert 110333132 (base 4) to base 15.
1a722
715654 (base 13) to base 15
3721da
Convert 34042 (base 12) to base 6.
1252122
What is -355120120 (base 6) in base 14?
-c5d2da
333020111 (base 4) to base 6
5313045
-92997 (base 11) to base 5
-13320001
56518 (base 9) to base 14
d9bb
What is -10632305 (base 7) in base 16?
-e3a4a
Convert 76705 (base 10) to base 2.
10010101110100001
What is 1001000010100010011 (base 2) in base 14?
79d3d
What is 2510035 (base 7) in base 16?
4e8e0
Convert -16619d (base 14) to base 6.
-24454451
What is -39aa6b (base 13) in base 7?
-14566054
Convert -110111100011110000011 (base 2) to base 16.
-1bc783
141431400 (base 5) to base 11
460a82
-32956 (base 11) to base 12
-2375b
5352102 (base 7) to base 12
274b80
-398687 (base 11) to base 15
-c58e6
-221021002121 (base 3) to base 10
-497248
What is 26649 (base 12) in base 3?
2200101010
2451b (base 12) to base 9
74345
What is -1b2aa (base 15) in base 16?
-15928
Convert -1156a9a (base 14) to base 12.
-2932614
Convert 1320330 (base 5) to base 4.
12123210
a906 (base 14) to base 12
14aa2
-80400 (base 16) to base 7
-4315344
What is 1102201102 (base 4) in base 5?
41304002
Convert -13cdca (base 15) to base 12.
-3a0701
What is -206139 (base 10) in base 4?
-302110323
Convert 86250 (base 10) to base 15.
1a850
a6007 (base 13) to base 9
504778
-367801 (base 9) to base 6
-4433001
What is -1111010000001111 (base 2) in base 9?
-104631
373340 (base 9) to base 7
1626360
Convert -1101101001100110001 (base 2) to base 3.
-211201112222
What is 9a448b (base 12) in base 5?
1112020233
-12264626 (base 7) to base 8
-4165103
Convert 3e10a (base 15) to base 13.
6c985
What is -105347 (base 11) in base 8?
-510270
1001100001110111111 (base 2) to base 6
10405343
Convert 29b2a3 (base 13) to base 5.
230234043
What is 4c5b8 (base 14) in base 15?
3a959
What is -42a8a (base 16) in base 12?
-11200a
Convert -2612347 (base 8) to base 15.
-e52b7
What is -40de74 (base 16) in base 9?
-7888553
What is -376809 (base 13) in base 3?
-2111111011010
What is 2c60a5 (base 14) in base 11?
970a85
Convert 3500502 (base 6) to base 4.
223231112
1010011111011111001111 (base 2) to base 9
5151766
-63403 (base 13) to base 8
-534714
Convert 2841977 (base 10) to base 5.
1211420402
What is 130431 (base 11) in base 4?
302022310
Convert 9eacb (base 15) to base 11.
315719
32300030 (base 4) to base 14
18044
Convert 66cc (base 16) to base 10.
26316
10a390a (base 13) to base 7
61344456
What is 7133517 (base 11) in base 8?
60065725
What is 15560542 (base 7) in base 8?
5606150
What is 111431234 (base 5) in base 4?
1321310000
What is 33760231 (base 8) in base 4?
123332002121
What is b3629 (base 14) in base 15?
88016
Convert 30163007 (base 8) to base 9.
12848026
Convert -10231058 (base 10) to base 11.
-5858822
Convert -3553165 (base 9) to base 15.
-280435
Convert -78d11b (base 14) to base 10.
-4107989
Convert 10011110011000101101001 (base 2) to base 5.
2312034433
-1100012 (base 6) to base 10
-54440
-2dad4 (base 15) to base 2
-100100000001110110
Convert -3083b1 (base 12) to base 9.
-1378657
What is -222020210111 (base 3) in base 9?
-866714
-52037 (base 11) to base 15
-17757
111001100101111101001 (base 2) to base 10
1887209
What is -12050052 (base 6) in base 15?
-777c5
Convert 434104 (base 6) to base 8.
106070
Convert 12240244 (base 5) to base 11.
80894
Convert -100100101010101011010011 (base 2) to base 10.
-9611987
Convert -122301110 (base 4) to base 5.
-12002102
-1011001111011 (base 2) to base 14
-2151
What is 114429 (base 15) in base 12?
339133
What is 1441240 (base 5) in 